t p be l(4). What is the highest common factor of t and p?
6
Let x be -4 - (0 + -4) - -8. What is the highest common divisor of 20 and x?
4
Suppose 0*y + 12 = -y. Let i = y + 20. Suppose -t - i = -2*t. Calculate the greatest common factor of t and 80.
8
Suppose -28 = 2*n - 4*n. Let p be -1 + ((-10)/20)/(2/(-284)). What is the greatest common divisor of p and n?
14
Let i be ((-560)/(-60))/((-2)/(-6)). What is the highest common divisor of i and 14?
14
Suppose -2*g + 211 = -3*k, 3*g + 22 = 4*k + 340. Let h = -5 + 8. Suppose 0 = -r + 3*z + 14, -h*z + 40 = 4*r + z. What is the highest common divisor of g and r?
11
Suppose 0 = 4*b - 2*m - 68, 0 = 2*b + b - 4*m - 46. What is the greatest common divisor of b and 2?
2
Suppose 2*t + k = t - 1, -k = -t + 5. What is the highest common divisor of 5 and t?
1
Let s be 1 + -5 - (-60 + 0). Calculate the highest common divisor of s and 70.
14
Suppose -f + 33 = 5*z + 12, 5*z = 3*f - 3. Calculate the highest common divisor of 78 and f.
6
Let k(y) = y**3 + 8*y**2 - 10*y + 5. Let c be k(-9). Let p = c + -9. Suppose 160 = p*s - 5*z, 35 = s + 4*z + 3. Calculate the greatest common factor of s and 4.
4
Let v be (31/(-2))/(1/(-4)). Suppose 2*t = -2*b + v, -5*t + 3*b + 191 = -b. Calculate the greatest common divisor of t and 14.
7
Let z be 291 + (1 - 2 - 6/3). Calculate the highest common divisor of 32 and z.
32
Suppose 2*y - 3*y = -3. Let s be 263/y + (-13)/(-39). What is the highest common divisor of 8 and s?
8
Suppose 4*p + 3*a = 91, 0*p + 3*a = -2*p + 41. Let o = 7 + p. What is the highest common divisor of 80 and o?
16
Suppose 15*q + 355 = 2560. Calculate the highest common factor of q and 98.
49
Let i = 10 + -5. What is the greatest common factor of 20 and i?
5
Let b(p) = -p**3 - p**2. Let h be b(-2). Suppose h*x = 9 + 43. Suppose o - v = -4*v + 127, -4*o + 3*v + 523 = 0. What is the greatest common divisor of x and o?
13
Let r(j) = -j**3 - 2*j**2 - j + 1. Let g be r(-2). Suppose i = 5*o - 80, g*i - 30 = -3*o - 0. Calculate the greatest common divisor of 30 and o.
15
Suppose -99 = -5*b + 4*u + 29, -3*b = 3*u - 93. Suppose -b = -v + 14. Calculate the greatest common factor of v and 28.
14
Let r be (0/((-4)/4))/(-1). Suppose -2*f + 5*f - 5*v - 35 = r, 0 = -5*v + 10. Calculate the greatest common divisor of f and 5.
5
Suppose -2*r - 1 + 7 = 0. Let x = 981 + -199. Let o be r/12 - x/(-8). Calculate the highest common divisor of o and 14.
14
Let g be 286/(-1)*(-1)/2. Let h(s) = s**2 + 4*s + 1. Let l be h(-6). What is the greatest common divisor of l and g?
13
Suppose 0 = -3*c - b + 42, 3*c - c - 45 = 5*b. What is the greatest common divisor of c and 6?
3
Let m be 3/(-6) + 10/4. Suppose 17 = m*k + c, k + 3*c - 7*c - 31 = 0. Let o be (13 + -3 + -4)/(-2) - -91. What is the greatest common factor of o and k?
11
Suppose 4*c + 28 = 4*v - 2*v, -3*c = 12. Suppose 5*l - 125 - 25 = 0. What is the highest common divisor of l and v?
6
Let t be 1/(3 + (-44)/16). What is the highest common divisor of 4 and t?
4
Let r = -4 - -7. Calculate the greatest common divisor of 9 and r.
3
Let c be -48*10/(-25)*10/8. What is the greatest common divisor of 48 and c?
24
Suppose 0 = 3*q - 2*x - 8, 5*x = -0*q - 2*q + 37. Suppose 3*g - 102 = -w + q*w, 5*g = 20. Let r = w + 27. What is the highest common factor of 45 and r?
9
Let c(h) = -h**2 + 5*h + 5. Let n be c(4). Suppose 24*x + 54 = 30*x. What is the greatest common factor of n and x?
9
Suppose -5*d + 3*b = -71, -4*b = d + 3*d - 76. Let y = -5 + d. Let a be -2 - (0 - y)*1. What is the highest common divisor of 63 and a?
9
Suppose 0 = -2*h + 4 + 6. Calculate the greatest common factor of 35 and h.
5
Let m(z) = -7*z**3 + 2*z**2 - 1. Suppose 0 + 16 = 2*s. Let j = 7 - s. Let p be m(j). Calculate the highest common divisor of 88 and p.
8
Let i be (7*2)/(4/20). Suppose 0 = -6*r + 65 + 103. What is the highest common factor of r and i?
14
Let f be 38/14 + (-4)/(-14). Suppose 0*s - s + 2 = 0. Suppose -5*c + 45 = -s*c. Calculate the highest common factor of f and c.
3
Suppose -3*j = 69 - 363. What is the greatest common divisor of j and 14?
14
Let c be 2/(-8) - 114/(-8). Let d(i) = i**3 + 34*i**2 + 33*i + 14. Let p be d(-33). What is the greatest common factor of c and p?
14
Suppose z + 1 - 11 = 0. Calculate the highest common factor of 30 and z.
10
Let z be (7 + -8)*2*-4. What is the highest common divisor of 8 and z?
8
Let c(f) = 10*f - 20. Let g be c(10). Calculate the greatest common factor of 10 and g.
10
Let d be 45/(-5)*1/3. Let j be 5/((-5)/d) + 52. Calculate the highest common factor of j and 5.
5
Let w(o) = o**2 - 5*o - 1. Let y be w(6). Suppose q + 214 = y*x, 0 = x + 4*x + 4*q - 194. What is the greatest common divisor of x and 21?
21
Let w = 16 - -5. What is the highest common factor of 42 and w?
21
Suppose 12 = -0*l + 3*l. Let k = l - -14. What is the highest common factor of k and 12?
6
Let y = 998 + -992. Suppose 3 = 2*s + 5. Let q be 1 + 27 + (1 - s). What is the greatest common factor of q and y?
6
Suppose -2*y - 3*y + 5 = 0. Suppose 16 = 4*a + 3*c - 6, -2*a = 3*c - 8. What is the greatest common factor of a and y?
1
Let v(d) = -d + 4. Let g be v(-8). What is the greatest common factor of 48 and g?
12
Suppose 0*o = -3*o - 3*c + 30, 8 = -4*c. What is the greatest common divisor of o and 96?
12
Let l(p) = p**3 - 5*p**2 + 6*p - 6. Let a be l(5). Let c be (-21)/12 + 152/32. What is the highest common divisor of c and a?
3
Let m(z) = -z**2 + 6*z - 3. Let h be m(5). Suppose -h*u = 2*u - 28. What is the highest common divisor of 7 and u?
7
Let p(w) = -2*w + 1. Let y be p(-1). Let r(o) = -2*o - 13. Let b be r(-14). What is the highest common divisor of y and b?
3
Let u(c) = 2*c**3 - 4*c**2 + c + 2. Let z = -5 + 7. Let f be u(z). Calculate the highest common divisor of f and 10.
2
Suppose -w - 30 = -4*y, 5*y + 2*w = 26 + 18. Suppose 0 = -4*m + 5*t - 11, -m = m + 2*t - y. What is the highest common factor of m and 1?
1
Let n be 4/14 + (-36)/(-21). Suppose -o + n*o = 15. Suppose 5*k - 285 = o. Calculate the greatest common factor of 12 and k.
12
Let v be (-7)/(-2) + (-2)/(-4). Let y(a) = v*a - 2 - 2 - 3. Let w be y(6). Calculate the highest common divisor of w and 51.
17
Suppose 5*v = 215 + 515. Let i be v - (0 + (-2 - -4)). Let s(m) = m**2 + 5*m + 2. Let f be s(-7). Calculate the greatest common divisor of f and i.
16
Let i = 34 + -17. What is the highest common factor of 136 and i?
17
Let d be -3 - (13/(-39) + 232/(-6)). Calculate the greatest common divisor of 8 and d.
4
Let q be 3*11 - (1 + 0). Suppose -3*j - 30 = 3*x, 0*x + 82 = -5*x + 3*j. Let r = q + x. What is the greatest common factor of 45 and r?
9
Let l = 323 - 228. Calculate the highest common factor of 38 and l.
19
Suppose p + 4*a = -a + 31, 4*p - 142 = -2*a. Let y be 5 + -4 + 12 + -1. Calculate the greatest common divisor of p and y.
12
Let m(b) = -13*b - 5. Let g be m(-2). Calculate the greatest common divisor of g and 3.
3
Suppose 0 = -6*u + u + 60. Suppose 0 = -2*g - g + u. Suppose 12 = 3*k, g*x - 12 = -0*x + 4*k. What is the highest common factor of 14 and x?
7
Let u(g) be the second derivative of -g**3/3 - 3*g**2 - g. Let i be u(-4). Let n be 173 - (-3 + i + 3). What is the greatest common factor of 19 and n?
19
Let o be 239 + (-2 - -4 - 6). Suppose 0 = 3*f - j - 162, 3*f = -f - 5*j + o. Calculate the greatest common factor of f and 11.
11
Suppose -5*r = -4*h + 215, -r - 83 = -5*h + 212. Calculate the greatest common factor of 36 and h.
12
Suppose 0 = v - z - 80, 5*v + 2*z - 255 = 110. Calculate the highest common factor of v and 30.
15
Let g(r) = -r + 1. Let m(w) = w**2 + 6*w + 2. Let o be m(-5). Let c be g(o). Calculate the highest common factor of c and 4.
4
Suppose -4*v = -3*v - 88. Suppose -i - 20 = -v. What is the highest common factor of 17 and i?
17
Let o be 3/((-9)/(-15)) + 0. Suppose -o*q = -170 - 415. Calculate the greatest common divisor of 13 and q.
13
Suppose 0 = 5*i - 4*i - 3. Let h be (-2)/(-6) + 2/3. What is the greatest common divisor of i and h?
1
Suppose -w + 6 = -0*w. Calculate the highest common factor of 48 and w.
6
Suppose 0 = 2*i + 6*i - 80. Calculate the greatest common divisor of 30 and i.
10
Let d = -26 - -27. What is the greatest common factor of d and 29?
1
Let y be 31 + 0 - (5 + 1 - 7). What 